. Let t(v) be the third derivative of 0 + r*v**5 - 1/3*v**3 + 0*v + 0*v**4 + 11*v**2. Give t(-2).
2
Let u(g) = 4*g**3 + 2*g**2 + g - 3. Let x = 3514 - 3516. Give u(x).
-29
Let h(l) = l**2 + 7*l - 3. Suppose 4*k + 2 = 2*r, -44 = 11*r + 5*k + 26. Calculate h(r).
-13
Let v(h) be the third derivative of h**6/120 - h**5/10 + 7*h**4/24 - 7*h**3/6 + 884*h**2. Give v(7).
91
Let f(u) = -6*u**2 - u. Suppose 7 = -4*l - 2*n + 47, 5*n - 10 = 0. Suppose l = 29*h - 20*h. Determine f(h).
-7
Let q(f) = -f**2 - 9*f + 3. Let z(n) be the first derivative of n**4/4 - 11*n**3/3 - 17*n**2/2 + 51*n - 15. Let l be z(12). Determine q(l).
3
Let m(b) = -51*b + 74*b + 127 + 2*b**2 + 65 + 35*b. What is m(-25)?
-8
Let j(q) = -5038*q - 5046*q + 10065*q - 7. Calculate j(2).
-45
Suppose -185*w - 754 = -127*w. Let i(o) = -o - 18. Determine i(w).
-5
Let w(f) be the third derivative of 7*f**4/24 - f**3/3 - 1042*f**2. Calculate w(3).
19
Suppose 2*j - 3*d = 3, 5*j + 5*d - 6 = 14. Let t(u) = -188*u**2 + 362*u**2 - 7*u - 181*u**2 - 13 + u**j. What is t(8)?
-5
Let s(q) be the second derivative of q**3/3 + 6*q**2 + 479*q. Determine s(13).
38
Let z be ((-200)/(-16))/((-370)/(-40) + -8). Let c(w) = 7 - 9*w**3 - 2*w + 13*w**3 - 3*w**3 - 10*w**2. Calculate c(z).
-13
Let d(u) = -33*u - 95. Let l be d(-3). Let g(j) = -8*j**2 - 9*j - l*j - 11 - 12*j + j**3 + 30*j - 4*j. Calculate g(8).
-3
Let n(t) be the second derivative of 0*t**2 - 7/3*t**3 + 0 - 32*t. What is n(-3)?
42
Let i(k) = 39 - 6*k + 11 + 27 + 7 - 14. Calculate i(14).
-14
Let h(m) = -2*m - 10. Let p be (-67)/(-13) - (-146)/(-949). Calculate h(p).
-20
Suppose 2*z + 51 - 57 = 0. Suppose -4 = -r + z*c - 2*c, -c - 20 = -5*r. Let m(f) = -50 - 5*f**2 + 26 + 5*f + 22 - f**3 + 2*f**3. Calculate m(r).
2
Let n(s) = -s**3 - 6*s**2 + s + 6. Let p = 155 - 150. Suppose 11 - 50 = 4*j + p*t, 0 = -4*j + 3*t - 15. Determine n(j).
0
Let f(q) be the second derivative of 0*q**2 - 1/6*q**3 + 0 - 16*q. Let y(s) = s - 1. Let p be y(-4). Give f(p).
5
Let u(q) = q**3 - 10*q**2 + 10*q - 11. Let n = 18 + 123. Suppose -b + n - 132 = 0. What is u(b)?
-2
Let q(u) be the second derivative of u**4/12 + 2*u**3/3 - 46*u + 18. Let d(x) = x**2 - 5*x - 1. Let o be d(4). What is q(o)?
5
Let s = -3 - -10. Suppose 7 = 3*y - s*y - 3*a, -7 = -2*y - 5*a. Let x(u) = -5 + 5 + 4*u**2 - 13118*u**3 + 2*u + 13119*u**3. Determine x(y).
-8
Let w(z) = -z + 39. Let y(h) = 4*h - 120. Let b(n) = 10*w(n) + 3*y(n). Determine b(-6).
18
Let o(t) = -4*t + 2. Let f(w) = 5*w - 2. Let m(s) = 5*f(s) + 6*o(s). Give m(-2).
0
Let r = 59 + -84. Let w(n) = n**3 + 26*n**2 + 23*n - 52. Give w(r).
-2
Suppose -14*y - 196 = -532. Let x(s) = 2*s - 31. What is x(y)?
17
Let y(c) = c**3 - 41*c**2 - 181*c + 37. Let r be y(45). Let s(k) = -k**2 - 4*k + 18. What is s(r)?
-14
Let c(v) be the second derivative of -v**3/2 - v**2/2 + 19*v + 2392. Suppose 0 = -5*l + 2*o - 32, -l - 2*o - 3 = o. Calculate c(l).
17
Let b(t) = 27*t - 106. Let a be b(4). Let o(x) = 7*x**a - 30441*x - 1 + 30441*x. What is o(1)?
6
Let u(f) = f**3 - 5*f**2 + f - 1. Let h be u(5). Let y(m) = 36 - 88 + 38 - 6*m**2 + 7*m**2 + 27 - 7*m. Determine y(h).
1
Let j(m) = -m**3 - 13*m**2 - 42*m - 52. Let z be j(-9). Let i(k) be the first derivative of -1/2*k**z + 15 + k. What is i(2)?
-1
Let c(t) be the second derivative of -t**5/20 - t**4/2 - 5*t**3/6 + t**2/2 - 124*t. Let k be c(-5). Let f(m) = 5*m**3 + m**2 - 2*m + 1. What is f(k)?
5
Let y(s) be the third derivative of s**6/180 + 11*s**5/60 - 137*s**4/12 + 187*s**2. Let u(h) be the second derivative of y(h). Calculate u(-8).
-10
Let l(u) be the first derivative of -u**5/60 - u**4/12 - 2*u**3/3 - 5*u**2/2 - 75. Let a(r) be the second derivative of l(r). What is a(-4)?
-12
Let f be (8/(-14))/((-16)/392). Suppose -4 = -3*q + f. Let t(d) be the first derivative of -d**2/2 + 5*d - 2. Give t(q).
-1
Let k be ((-9)/36)/((-1)/4). Let j(g) = 2*g**2 + 2. Let p(f) = -18*f**2 - f - 7. Let c(d) = -4*j(d) - p(d). Give c(k).
10
Let i(p) = 2 + 7*p**2 - 13*p - 20*p + 37*p + p**3. Determine i(-5).
32
Let n(p) = 17*p**3 + 170*p**2 + 11*p - 10. Let t(h) = -8*h**3 - 78*h**2 - 5*h + 5. Let s(c) = -6*n(c) - 13*t(c). What is s(4)?
23
Suppose 2*z + 14 = -0*z. Let x = 115 - 112. Let y(t) = t + 2484*t**3 - x*t**2 - 4*t**2 - 2485*t**3 + 9. What is y(z)?
2
Let u(l) = -4 + 13*l**2 + 5670*l - 1883*l - 1884*l - 1895*l. Calculate u(1).
17
Let v(o) = -o**2 - 3*o + 6. Suppose -49*m + 13695 = -5611. Suppose m*l = 393*l - 6. What is v(l)?
-12
Let r(h) be the third derivative of h**4/24 - h**3/3 + 20*h**2. Let b be r(-2). Let a(t) = 36*t - 2 - 15*t - 20*t. Give a(b).
-6
Let l = 25 - -1. Suppose -2*x - 4*d + l = 0, x + 17 = 5*d - d. Let j(w) be the second derivative of w**5/20 - w**3/3 - w**2/2 + 2*w + 121. What is j(x)?
20
Let u(k) = k**3 + 13*k**2 + 14*k + 25. Let l be u(-12). Let w be l/((-15)/(-9) - 2). Let q(f) = 0*f - 1 - 2*f + 7*f. Give q(w).
-16
Let t(g) be the first derivative of g**4/2 - g**3 + 3*g**2/2 - 2*g + 74. Let n be -10*((-4)/4)/(7 - 2). Give t(n).
8
Let p(x) be the first derivative of -x**5/20 - 7*x**4/12 + x**3/6 + 4*x**2 + 70*x + 69. Let o(z) be the first derivative of p(z). Let v = 5 - 12. What is o(v)?
1
Let i(n) be the second derivative of n**3/6 + 13*n**2/2 + 3*n - 46. Let a(v) = v**3 + v**2 - v - 8. Let q be a(0). Determine i(q).
5
Let b(i) = -7 + 3*i**2 - 3*i + i**3 + 17*i**2 - 28*i**2 + 15*i**2 + 6*i. Let n(h) = -h. Let p be n(5). What is b(p)?
28
Let v(p) = p**3 + p + 1. Let q(i) = -2*i**2 + 11*i + 1. Let h be q(6). Let t be h*(44/(-10) + 24/6). What is v(t)?
11
Let o(f) = -20 - 2 - 1 - 22 - 6*f + 5. Determine o(-7).
2
Let l(f) = 11 + 8 - 13*f - 29 + 10 - 11. Give l(-5).
54
Let v(g) be the second derivative of 1/12*g**4 + 2*g**2 - g - 2/3*g**3 + 132. Determine v(3).
1
Let i(k) = k**3 - k**2 - 49*k + 129. Let u be i(3). Let r(j) = 6*j + 2. Determine r(u).
2
Let o(n) = n**2 - 5 - 1308*n + 2526*n - 1222*n. Determine o(4).
-5
Let x(s) be the first derivative of s**3 + 27*s**2/2 - 2*s + 429. Give x(-10).
28
Let y(s) = -s**3 - 13*s**2 + 12*s - 18. Suppose 0 = 66*j - 95*j - 406. Give y(j).
10
Let c(l) = -l**2 + 13*l - 14. Suppose 3*g + 3*n - 27 + 9 = 0, -n = 2*g - 10. Suppose 5*t = 6*w - 4*w - 9, g*w = -5*t + 63. Determine c(w).
-2
Let w = 10389 + -10394. Let p(c) = -13*c - 50. What is p(w)?
15
Let d(i) = 6 - 29*i + 22*i - 38 + 20*i. Let h be d(2). Let v(z) be the first derivative of z**3/3 + 5*z**2/2 - 3*z - 2. Calculate v(h).
3
Suppose 33*o + 51 = 150. Suppose -23*p + 24*p + o = 0. Let q(x) = -x**3 - 4*x**2 - x + 1. Determine q(p).
-5
Let l(g) = -1. Let n(t) = 2*t + 10. Let s(z) = 10*l(z) - 2*n(z). Suppose 2*f = 5*h + 17 - 4, -34 = 4*f + 2*h. What is s(f)?
-6
Let g(j) = 1. Suppose 301 = -6*x + 307. Let r(q) = q - 7. Let n(a) = x*r(a) + 4*g(a). Give n(-9).
-12
Suppose -1366 = -3*u - 2*y, 4*y - 1 + 5 = 0. Let j(l) = u*l + 448*l - 905*l. Determine j(0).
0
Let d(a) = -7*a**3 - 16*a**2 - 57*a - 5. Let w(c) = c**3 + 3*c + 2. Let r(t) = -d(t) - 6*w(t). Give r(-13).
-7
Let z(y) = -4*y + 35. Let j = -5436 - -5443. Give z(j).
7
Let f(q) = q**3 - q**2 - 2*q - 6. Suppose -z + 5*y - 59 = -101, -3*z - 21*y - 162 = 0. Give f(z).
-6
Let x(t) be the first derivative of 5 - 1/2*t**2 + 14*t. Calculate x(0).
14
Let o(b) = b + 12. Suppose 3*m + 55*n - 54*n - 34 = 0, m - 3*n = 8. Give o(m).
23
Let b = -226 + 230. Let z(w) = 13*w**2 - 4*w - 14. Let o(p) = -10*p**2 + 5*p + 14. Let k(i) = b*o(i) + 3*z(i). Calculate k(10).
-6
Let f(v) = -11*v - 285. Let o be f(-25). Let y(s) = s**3 + 8*s**2 - 20*s - 7. Give y(o).
-7
Let c = -1607 - -1604. Let j(k) = 4 - 1 - 3*k + 1. Let i(f) = -4*f + 5. Let w(t) = -4*i(t) + 5*j(t). Calculate w(c).
-3
Let k(z) = 3*z - 16 - 2*z**2 - 59*z**2 + 13*z**3 + 127*z**2 + 167*z**2 - 22*z. Determine k(-18).
2
Let x(j) = j - 4. Let a(g) = -g + 3. Let q(c) = 5*a(c) + 4*x(c). Suppose 3*n - 4*y = n - 4, 8 = 5*n - y. Let b(m) = -m - 5. Let k(v) = n*q(v) - b(v). Give k(7).
-4
Let i(d) = -8*d - 8. Let z = -1545 + 1543. Give i(z).
8
Let c(x) = 3*x**2 - 18*x + 17. Let i be c(5). Let w(j) = 13 + 10 + 12 - 5*j + 4*j**i - 31 - j**3. Determine w(4).
-16
Let i(j) = j**3 - 53 - 212189*j + 26*j**2 + 212187*j + 0*j**2. Determine i(-26).
-1
Let i(w) = -16*w + 4. Let z(j) = 16*j - 5. Let v(h) = 4*i(h) + 3*z(h). Let k(y) = -y**2 - 55*